8 = 80*v - 322. What is the remainder when v is divided by 2?
1
Let y = 48 + -28. Let r = 2053 - 2044. Calculate the remainder when y is divided by r.
2
Suppose -2*y + 3 = 15. Let d(m) = -m**3 - 5*m**2 + 3*m - 5. Suppose -433 = -5*f + n + 7, 0 = 3*f + 4*n - 264. Calculate the remainder when f is divided by d(y).
10
What is the remainder when 40 is divided by (-23)/((-23)/18) - 7?
7
Let c = 131 + -23. Calculate the remainder when 430 is divided by c.
106
Let d(l) = 11*l - 68. Let p be d(6). Let s(k) = -3*k**3 - 3*k - 6. Calculate the remainder when 117 is divided by s(p).
21
Let r be 172/(-12)*(0 + 3). Let q = r - -61. Suppose 16 = z + 6. Calculate the remainder when q is divided by z.
8
What is the remainder when 22 is divided by ((-99)/12 - -6)/((-1)/8)?
4
Let h(f) = 2*f. Let i(j) = 3*j - 10. Let l be i(4). Let q be h(l). Suppose q*x - 10 = 10. Calculate the remainder when x is divided by 2.
1
Calculate the remainder when (-20 + -4)/(-8) + 31 is divided by 15.
4
Suppose 51*j = 54*j - 12. Calculate the remainder when 37*20/10*10/j is divided by 31.
30
Suppose -4*a + 14 = h, h = a - 2 + 1. What is the remainder when 17 is divided by a?
2
Let v(r) = -2*r**2 - 4*r**2 + 2*r + 7*r**2 + 8. Calculate the remainder when v(5) is divided by 9.
7
Let r(l) = l**2 + 15*l + 16. What is the remainder when r(-14) is divided by 1 + -2 + 4/2?
0
Let q = -8 + 6. Calculate the remainder when 62 is divided by -3 + (73/3 - q/3).
18
Let q = 0 + 5. Suppose -r = -q*r. Suppose r = -7*g + 11*g - 20. Calculate the remainder when 18 is divided by g.
3
Let n(p) = 9*p**3 - 6*p**2 - p - 2. Let k be n(5). Suppose -4*y + 0*y = -k. Suppose -19 = -3*w + y. Calculate the remainder when w is divided by 22.
21
Calculate the remainder when 2/12 + 1974/36 is divided by 19.
17
Let p(j) = j**3 - 2*j**2 - 4*j - 5. Suppose -v = -5, 2*t - 15*v + 9 = -10*v. What is the remainder when p(4) is divided by t?
3
Let s = 0 + -2. Let q be (-10)/(s/(-1) + 0). Let u = -3 - q. Calculate the remainder when u is divided by 1.
0
Suppose 3*v + p - 20 - 33 = 0, -p + 19 = v. Let x be 7 + 3 + (-1 - -2). Calculate the remainder when 321/x - (-6)/(-33) is divided by v.
12
Let i be (-1 - (-130)/6)*-81. Suppose 2 = -d + 15. What is the remainder when 1/(-5) + i/(-45) is divided by d?
11
Let s(q) = 2*q + 19. Suppose -2*y + 4*o - 20 = 5*o, 4*o + 8 = y. Calculate the remainder when 9 is divided by s(y).
0
Suppose 3*l - 61 = -4*z, 2*l = 3*z - 0*l - 33. Calculate the remainder when ((-4)/(-12))/(2/(-30))*-5 is divided by z.
12
Suppose -6*c + 4*o + 40 = -2*c, 0 = -4*c - 2*o + 58. Suppose 0 = t + 2, t + 17 = 2*y + 3*y. What is the remainder when c is divided by 3/(y/5 - 0)?
3
What is the remainder when (-38 - -272) + (-3)/(-2)*-2 is divided by 8?
7
Let l = -31 - -43. Let v be 1348/l + 1/(-3). What is the remainder when 81 is divided by ((-33)/22)/((-6)/v)?
25
Suppose 0 = -x - 5*x + 90. Suppose -l - 4*z + 696 = 2*l, z - 705 = -3*l. Suppose -3*a + l = a. Calculate the remainder when a is divided by x.
14
Suppose 0 = 4*r - 5*g + 12 - 55, 2*g = -3*r + 38. Calculate the remainder when 33 is divided by r.
9
Let s(g) = 2*g**2 - 19*g - 12. Let a be s(10). What is the remainder when 17 is divided by a + (-3 - -14) + 0?
8
Suppose -211 - 111 = -7*i. Let t(y) = -13*y - 1. What is the remainder when i is divided by t(-1)?
10
Suppose -2 = -3*m + 13. Suppose -m*x = 4*n + 653, 137 = -0*x - x - 4*n. Calculate the remainder when x/(-7) + 15/(-35) is divided by 7.
4
Let q(p) = 39*p - 387. Suppose 148 = 5*i - 3*o, 0*i + 72 = 2*i + 2*o. What is the remainder when i is divided by q(10)?
2
Suppose -40 = -3*d - 5*z, -3*d + 0*d - 2*z + 34 = 0. Suppose 0*x - 6*x = 0. Let f(c) = -2*c**3 - 2*c + 29. Calculate the remainder when f(x) is divided by d.
9
Suppose -273 = -5*r - 4*q, 28 = 2*r + q - 80. What is the remainder when 104 is divided by r?
51
Suppose 0 = -3*g - 4*o + 1, -g + o + 33 = 3*g. Suppose -2*k + g = -c + 6*c, c - 23 = 5*k. What is the remainder when ((-18)/(-2))/(1/1) is divided by c?
0
Suppose -3*h - 60 = -7*h. Suppose -850*w - 132 = -853*w. What is the remainder when w is divided by h?
14
Let s = -110 + 120. Suppose s = 11*k - 144. Calculate the remainder when k is divided by 10.
4
Let s be 0/((-8)/2) - -7. Suppose 0 = 4*m + 4*d - 24, -4*m + s = 2*d - 19. Calculate the remainder when 26 is divided by m.
5
Let l(t) = t**3 - 7*t**2 - 6*t + 51. Let m be l(6). Let q = 23 - 11. What is the remainder when m/6*13/((-78)/60) is divided by q?
11
Suppose -5*b + b = 12. Let m be 6 + (1 - b)/(-1). Suppose -3*v + y = -25, 2*v + 5*y - 2 = m*y. What is the remainder when v is divided by 3?
1
Let i(o) = o**3 - 10*o**2 - 9*o - 6. Let t = 12 - 11. Let j(a) = 12*a**2 - 3*a + 2. Let z be j(t). What is the remainder when 30 is divided by i(z)?
14
Suppose -2*u - 4 = -2*d, -u + 20 = 5*d - 4*u. Let n = -448 + 691. Suppose 10*j = j + n. Calculate the remainder when j is divided by d.
6
Let n be (-5 + 4 - -2)*71. Suppose -4*t = -133 - n. What is the remainder when t is divided by 9?
6
Suppose 3*k - 2*v - 151 = -23, -k - 5*v = -71. What is the remainder when 205 is divided by k?
21
Let l = -2371 - -2434. What is the remainder when l is divided by 49?
14
Suppose 8*b + 771 - 899 = 0. What is the remainder when 120 is divided by b?
8
Let l = 508 - 418. What is the remainder when l is divided by 13?
12
Suppose 0 = 5*x + z - 185, -2*z + 3 = 13. Suppose 111 = 4*w - n + 4*n, -2*w + x = -2*n. Suppose 3*b - 380 = -b. What is the remainder when b is divided by w?
23
Suppose 2319 = 14*q - 1153. Let r = -167 + q. What is the remainder when r is divided by 42?
39
Suppose s - 10 = -8. Suppose z - 4*n + s = -3, z - 3 = 2*n. Let i = 43 - 25. Calculate the remainder when i is divided by z.
7
Calculate the remainder when 711 is divided by (-756)/(-15) - (-75)/125.
48
Let s(r) = -55*r + 19. Let g be s(-5). Let y = -183 + g. Calculate the remainder when y is divided by 16.
15
Suppose -2*t - 19 + 6 = -3*n, -3*n + 3 = 3*t. Suppose n*z + 5 - 20 = 0. What is the remainder when z is divided by 2?
1
Let h(m) = -m**3 + 6*m**2 + 4*m + 16. Let s be h(7). Calculate the remainder when (-2 - s - -1) + 74 is divided by 20.
18
Let x(s) = -2*s**3 + 21*s**2 - 13*s + 9. Let l be x(9). Suppose 0 = -5*k + 5*c + l, -k - 4*c = -8*c - 36. What is the remainder when 95 is divided by k?
23
Suppose 8*z = 4*z + 400. Let q = -2 - -9. Calculate the remainder when ((-4)/(z/15))/((-1)/45) is divided by q.
6
Let y(i) = 37*i**2 + 2*i - 23. Let l(z) = -18*z**2 - z + 11. Let d(a) = -9*l(a) - 4*y(a). What is the remainder when d(-3) is divided by 25?
16
Let x(b) = -b**2 - b + 21. Let n = -20 - -6. Let f = 22 + n. What is the remainder when x(0) is divided by f?
5
Let k = -235 + 417. What is the remainder when k is divided by 31?
27
Let s(i) = 6*i - 173. Calculate the remainder when 64 is divided by s(36).
21
Suppose 14 = 3*p + 2. Suppose -2*c = g - 0*g, 0 = -p*g + 3*c + 44. Suppose -3*q - 2*s = -8, 2*q + s - 12 = -6. What is the remainder when g is divided by q?
0
Let g = -107 - -107. Suppose 5*j - 4*b - 1 - 19 = 0, 3*b - 47 = -4*j. Suppose w + g = j. Calculate the remainder when w is divided by 3.
2
Let x be (-136)/(-24) + 4/(-6). Let j = 4 - x. Calculate the remainder when 12 + (-2)/j + 2 is divided by 6.
4
Let z = 302 - 182. What is the remainder when z is divided by 43?
34
Suppose 4*w + 8 - 28 = 0. Suppose 0 = 3*l - w*l. Let s = l - -12. What is the remainder when 47 is divided by s?
11
Suppose -z = -9*z + 48. What is the remainder when -21*-2*3/z is divided by 76/6 + (-2)/(-6)?
8
Let o = -2 + 2. Calculate the remainder when 82 is divided by (-189)/(-7) + o + 1.
26
Let k = 23 + -21. Suppose 0*f - 20 = -k*i + 5*f, 4*i = -f + 84. Let q(y) = -y**2 + 8*y - 4. Calculate the remainder when i is divided by q(5).
9
Suppose 3*c - 46 = 38. Suppose 96 - c = 4*u. Let b = -75 - -140. Calculate the remainder when b is divided by u.
14
Let o be 3/(-5)*110/(-11). Calculate the remainder when 108 is divided by o/8 - -109*3/12.
24
Suppose 0*m = -2*m + 62. Let n(i) = -6*i + 11*i**2 - 20 - 16*i**3 + 15*i**3 - 9. Calculate the remainder when m is divided by n(10).
9
Suppose 4*o - 459 = -5*l, 4*o + 0*l - 465 = l. Let f(n) = -3*n**3 + 2*n**2 + 9*n + 3. What is the remainder when o is divided by f(-2)?
14
Suppose -2*f = 2*f - 